5?
5, 2999
List the prime factors of 4988.
2, 29, 43
What are the prime factors of 39551?
39551
List the prime factors of 960.
2, 3, 5
What are the prime factors of 81125?
5, 11, 59
What are the prime factors of 7178?
2, 37, 97
What are the prime factors of 3489?
3, 1163
What are the prime factors of 4954?
2, 2477
What are the prime factors of 14518?
2, 7, 17, 61
List the prime factors of 3804.
2, 3, 317
List the prime factors of 745.
5, 149
What are the prime factors of 27281?
27281
What are the prime factors of 58174?
2, 17, 29, 59
What are the prime factors of 755?
5, 151
List the prime factors of 2443.
7, 349
What are the prime factors of 803?
11, 73
What are the prime factors of 854?
2, 7, 61
What are the prime factors of 3509?
11, 29
List the prime factors of 4619.
31, 149
List the prime factors of 183.
3, 61
What are the prime factors of 6677?
11, 607
List the prime factors of 17063.
113, 151
List the prime factors of 5187.
3, 7, 13, 19
List the prime factors of 10128.
2, 3, 211
What are the prime factors of 2271?
3, 757
What are the prime factors of 2103?
3, 701
What are the prime factors of 3926?
2, 13, 151
List the prime factors of 59734.
2, 29867
What are the prime factors of 281?
281
List the prime factors of 577.
577
What are the prime factors of 16098?
2, 3, 2683
What are the prime factors of 53?
53
List the prime factors of 1299.
3, 433
List the prime factors of 7692.
2, 3, 641
What are the prime factors of 18882?
2, 3, 1049
List the prime factors of 31672.
2, 37, 107
List the prime factors of 9376.
2, 293
What are the prime factors of 4093?
4093
What are the prime factors of 18577?
13, 1429
List the prime factors of 583.
11, 53
List the prime factors of 4977.
3, 7, 79
List the prime factors of 38913.
3, 7, 17, 109
What are the prime factors of 4073?
4073
List the prime factors of 964.
2, 241
List the prime factors of 1826.
2, 11, 83
What are the prime factors of 131018?
2, 109, 601
List the prime factors of 1616.
2, 101
What are the prime factors of 770?
2, 5, 7, 11
What are the prime factors of 2832?
2, 3, 59
List the prime factors of 9459.
3, 1051
List the prime factors of 23362.
2, 11681
List the prime factors of 1163.
1163
List the prime factors of 5564.
2, 13, 107
What are the prime factors of 2156?
2, 7, 11
List the prime factors of 693.
3, 7, 11
List the prime factors of 4920.
2, 3, 5, 41
What are the prime factors of 71303?
113, 631
What are the prime factors of 2059?
29, 71
What are the prime factors of 40371?
3, 13457
List the prime factors of 30297.
3, 10099
What are the prime factors of 25544?
2, 31, 103
List the prime factors of 2407.
29, 83
What are the prime factors of 1279?
1279
List the prime factors of 1035.
3, 5, 23
What are the prime factors of 12791?
12791
List the prime factors of 347.
347
List the prime factors of 1225.
5, 7
What are the prime factors of 70151?
29, 41, 59
List the prime factors of 445.
5, 89
List the prime factors of 29681.
67, 443
What are the prime factors of 619?
619
What are the prime factors of 21982?
2, 29, 379
List the prime factors of 541.
541
List the prime factors of 119358.
2, 3, 19, 349
What are the prime factors of 7512?
2, 3, 313
List the prime factors of 1623.
3, 541
What are the prime factors of 21378?
2, 3, 7, 509
List the prime factors of 3113.
11, 283
List the prime factors of 195.
3, 5, 13
What are the prime factors of 24516?
2, 3, 227
List the prime factors of 22481.
22481
List the prime factors of 15343.
67, 229
List the prime factors of 1425.
3, 5, 19
What are the prime factors of 9422?
2, 7, 673
What are the prime factors of 2904?
2, 3, 11
List the prime factors of 915.
3, 5, 61
List the prime factors of 5764.
2, 11, 131
What are the prime factors of 40928?
2, 1279
List the prime factors of 1889.
1889
What are the prime factors of 25290?
2, 3, 5, 281
List the prime factors of 18.
2, 3
What are the prime factors of 890?
2, 5, 89
List the prime factors of 92803.
17, 53, 103
What are the prime factors of 2684?
2, 11, 61
What are the prime factors of 10742?
2, 41, 131
List the prime factors of 11558.
2, 5779
List the prime factors of 98.
2, 7
List the prime factors of 1056.
2, 3, 11
List the prime factors of 1240.
2, 5, 31
List the prime factors of 78863.
17, 4639
What are the prime factors of 3206?
2, 7, 229
What are the prime factors of 2274?
2, 3, 379
What are the prime factors of 141914?
2, 70957
What are the prime factors of 45262?
2, 7, 53, 61
List the prime factors of 604.
2, 151
What are the prime factors of 571?
571
List the prime factors of 132027.
3, 7, 6287
What are the prime factors of 63843?
3, 13, 1637
What are the prime factors of 530?
2, 5, 53
List the prime factors of 547.
547
List the prime factors of 23915.
5, 4783
List the prime factors of 6230.
2, 5, 7, 89
List the prime factors of 32417.
7, 11, 421
List the prime factors of 104.
2, 13
What are the prime factors of 1979?
1979
List the prime factors of 24046.
2, 11, 1093
List the prime factors of 8680.
2, 5, 7, 31
List the prime factors of 23106.
2, 3, 3851
What are the prime factors of 95876?
2, 11, 2179
List the prime factors of 86.
2, 43
What are the prime factors of 654?
2, 3, 109
What are the prime factors of 152?
2, 19
What are the prime factors of 3793?
3793
What are the prime factors of 15349?
15349
List the prime factors of 546.
2, 3, 7, 13
List the prime factors of 3680.
2, 5, 23
What are the prime factors of 638?
2, 11, 29
What are the prime factors of 4440?
2, 3, 5, 37
List the prime factors of 93340.
2, 5, 13, 359
List the prime factors of 58.
2, 29
What are the prime factors of 5643?
3, 11, 19
What are the prime factors of 444?
2, 3, 37
List the prime factors of 15050.
2, 5, 7, 43
List the prime factors of 3440.
2, 5, 43
List the prime factors of 842.
2, 421
List the prime factors of 7388.
2, 1847
What are the prime factors of 464?
2, 29
List the prime factors of 29669.
29669
What are the prime factors of 27852?
2, 3, 11, 211
What are the prime factors of 111577?
111577
List the prime factors of 1172.
2, 293
List the prime factors of 462.
2, 3, 7, 11
List the prime factors of 681.
3, 227
List the prime factors of 234.
2, 3, 13
What are the prime factors of 6941?
11, 631
List the prime factors of 2002.
2, 7, 11, 13
What are the prime factors of 3993?
3, 11
What are the prime factors of 942?
2, 3, 157
List the prime factors of 13787.
17, 811
List the prime factors of 6450.
2, 3, 5, 43
What are the prime factors of 509?
509
What are the prime factors of 2453?
11, 223
What are the prime factors of 16263?
3, 13, 139
List the prime factors of 3536.
2, 13, 17
List the prime factors of 42954.
2, 3, 7159
What are the prime factors of 3448?
2, 431
List the prime factors of 5842.
2, 23, 127
List the prime factors of 99711.
3, 1231
List the prime factors of 26.
2, 13
List the prime factors of 2123.
11, 193
List the prime factors of 4255.
5, 23, 37
What are the prime factors of 5795?
5, 19, 61
List the prime factors of 32065.
5, 11, 53
What are the prime factors of 14363?
53, 271
What are the prime factors of 4884?
2, 3, 11, 37
List the prime factors of 34370.
2, 5, 7, 491
What are the prime factors of 35836?
2, 17, 31
What are the prime factors of 2059?
29, 71
List the prime factors of 2379.
3, 13, 61
List the prime factors of 22593.
3, 17, 443
List the prime factors of 41152.
2, 643
What are the prime factors of 1452?
2, 3, 11
What are the prime factors of 806?
2, 13, 31
What are the prime factors of 12226?
2, 6113
What are the prime factors of 5649?
3, 7, 269
List the prime factors of 3212.
2, 11, 73
List the prime factors of 4730.
2, 5, 11, 43
What are the prime factors of 1124?
2, 281
List the prime factors of 3022.
2, 1511
What are the prime factors of 46523?
46523
List the prime factors of 2727.
3, 101
List the prime factors of 17819.
103, 173
List the prime factors of 21985.
5, 4397
What are the prime factors of 26898?
2, 3, 4483
List the prime factors of 1668.
2, 3, 139
List the prime factors of 803.
11, 73
What are the prime factors of 278?
2, 139
What are the prime factors of 8121?
3, 2707
List the prime factors of 640.
2, 5
List the prime factors of 2501.
41, 61
List the prime factors of 8395.
5, 23, 73
What are the prime factors of 1166?
2, 11, 53
What are the prime factors of 16